(s) = s**3 - 2*s**2 - 13*s + 2. Let u be r(5). Let p(o) = -3*o - 1. Let c(b) = u*p(b) - i(b). Calculate c(5).
-10
Let f = 4848 + -4855. Let h(z) = -14*z - 8. What is h(f)?
90
Let s(n) be the second derivative of n**4/2 + 7*n**2/2 - 48*n. Let m(t) = 8*t**2 + 10. Let k(z) = -5*m(z) + 7*s(z). What is k(2)?
7
Let a(y) = -y - 7. Let s(i) be the second derivative of -i**3/3 - 442*i. Let z be 2/5 - 21/15. Let u(g) = z*a(g) + s(g). Give u(5).
2
Suppose -s + 2*d = -2, 3*d + 4 = 7*d. Let p(v) = 3*v**3 + 0*v**2 - 5*v - 2*v**3 - 3*v**2 - 2 + 0. Determine p(s).
-6
Let b(l) = -7*l + 6. Suppose 2*t = -3*t - 4*r - 12, -3*t - 4*r - 4 = 0. Let q(d) = 9*d - 7. Let j(m) = t*q(m) - 5*b(m). What is j(-3)?
1
Let w(u) be the third derivative of -u**6/120 + u**5/5 - 5*u**4/24 - 4*u**3 - 2872*u**2. Give w(11).
42
Let q(x) = 3 - 207*x**2 - 3 - 3*x + 211*x**2. Let j be q(2). Let n(b) = 10*b**3 - b**3 - 3*b - 4 - j*b**3 - 4*b**2. Determine n(-3).
-4
Let l(w) = -w + 52. Let q(g) = -39*g - 182. Let b(n) = 3*l(n) + q(n). What is b(-3)?
100
Let f(t) be the second derivative of -1/2*t**3 + 39 - 3*t**2 + 2*t. Give f(-5).
9
Let u(k) = 6*k + 3. Let z(i) = 2*i**2 - 13. Let t(n) = -n**3 - 10*n**2 + 9*n - 19. Let j be t(-11). Let d be z(j). Suppose -5*y - 10 = d. Give u(y).
-15
Let d(l) = 18*l - 29. Let q(o) = -6*o + 10. Let y = 84 - 76. Let x(p) = y*q(p) + 3*d(p). Let s = -11 + 16. Calculate x(s).
23
Let k be 636/(-106) - 1*(-3 + (0 - -2)). Let d(w) = -3*w**3 - 4*w**2 - 6*w + 4. Let r(m) = m**3 - m**2 + m - 1. Let y(g) = d(g) + 2*r(g). Give y(k).
-3
Let g(m) = -23*m**3 - 3*m**2 + 34*m + 30. Let n(f) = -10*f**3 - f**2 + 16*f + 13. Let p(a) = -3*g(a) + 7*n(a). Determine p(4).
9
Let w(n) = 2*n**2 - 33*n + 105. Let o be w(12). Let q(l) = 4*l**2 + 4*l + 1 + l**3 - l - l. Calculate q(o).
4
Suppose -57 + 126 = 3*x - 12*d, -d + 4 = 3*x. Let v(h) be the second derivative of 1/3*h**x - 3/2*h**2 + 0 - 44*h. Determine v(7).
11
Let g(f) = 2*f**3 - 3*f**2 + f - 1. Let z be g(2). Let m(d) = d - z + 0*d + 3. Let a be 35/7 + (-5 - (-5 - 3)). Calculate m(a).
6
Let d(g) = -3 + 2 + 1 - 6 + g. Let c be (-4)/10*1 + 7 + (-126)/35. What is d(c)?
-3
Suppose -2*w = -s - 8, -2*s + 0*w = -5*w + 19. Let l(i) = i**2 + 78*i + 153. What is l(s)?
1
Let n(w) = w**2 - 28. Let g be n(5). Let r(f) = 9*f**2 + 2*f + 2. Give r(g).
77
Let v(a) = -2*a + 4. Suppose 0*j = -3*j - 2*d + 10, 0 = d - 2. Suppose p + 5*b - 23 = 0, 2*p + 87*b - 7 = 90*b. Let m be -3 - j - p/(-12)*3. Give v(m).
10
Let x(t) = t**3 - 4*t**2 - t - 1. Let v be x(4). Let f(j) be the first derivative of -j**3/3 - 2*j**2 + 3*j + 7962. Calculate f(v).
-2
Let l(q) be the first derivative of q**2/2 + 7*q + 370. Let x(b) = -4*b + 25. Let v be x(10). What is l(v)?
-8
Let x(k) be the third derivative of 13*k**4/24 - k**2 + 1642*k. Give x(2).
26
Suppose -127*l = 69*l + 3528. Let f(t) = -t - 25. What is f(l)?
-7
Let b be 6 - 3/(60/(-100)). Let j(q) = 10*q - 82. Determine j(b).
28
Let w(u) = 9*u**2 - 3*u - 2. Let g(p) be the third derivative of -p**5/12 + p**4/12 + p**3/6 + 20*p**2 + p. Let c(t) = 11*g(t) + 6*w(t). Give c(4).
-1
Let o be -2*10/6*3. Let f(r) be the third derivative of r**6/120 + r**5/6 + 11*r**3/6 + 83*r**2 - 348. Determine f(o).
11
Let m(i) = -i**3 + 4*i**2 + 8*i - 7. Let b be 32/(-4)*6/((-96)/20). Suppose 21*u = 19*u + b. Calculate m(u).
8
Let p(f) = 11*f**3 - 39*f**2 - 2*f - 2. Let x(m) = -2*m**3 + 5*m**2 + 3. Let i(o) = p(o) + 6*x(o). What is i(-9)?
34
Let r(f) = 17*f - 150. Let n be r(9). Let v(x) = 2613 - 1304 - 2*x + x**n - 1308 - 2*x**2. Determine v(3).
4
Let b(o) = o**2 + 4*o + 3. Let y(c) = c**3 + 8*c**2 + 4*c - 16. Let f be y(-7). Suppose -f*n + 8*n = -87. Let h = n - -24. Calculate b(h).
8
Let q = 49 - 33. Let y = q - 8. Let m(n) be the first derivative of n**3/3 - 3*n**2 - 10*n + 2209. Give m(y).
6
Let s(n) = -123*n**2 - 31*n - 30. Let h be s(-1). Let m = h + 126. Let v(a) = -4*a + 4. Give v(m).
-12
Let g = -675 + 677. Let q(a) = -3*a**2 - 4*a + 4. Calculate q(g).
-16
Let j(a) be the first derivative of -7*a**2/2 + 2*a - 130. Let l(q) = -2*q**3 - 10*q**2 - 3*q - 13. Let c be l(-5). Calculate j(c).
-12
Let q be (21 - 8) + (-5)/(-10)*-14. Let a(t) = -10*t + 10. Calculate a(q).
-50
Let y(l) = l**3 - 7*l**2 - 17*l - 10. Let h(a) = -4*a**2 - 166*a - 381. Let n be h(-39). Determine y(n).
-1
Let u(b) = 19*b + 14. Let k(d) = -6*d - 4. Let m(a) = 2*k(a) + u(a). Suppose 7 = -9*o + 10*o. What is m(o)?
55
Let j(f) be the second derivative of f**3/6 + f**2 + 96*f. Let u(m) = 2*m - 7. Let p be u(6). Give j(p).
7
Let y(q) = -q**3 - q**2 + 44*q - 2. Let o be y(0). Let n(d) = 12*d - 1. Let h(g) = -13*g + 1. Let b(f) = 2*h(f) + 3*n(f). What is b(o)?
-21
Let q(t) = 6*t - 7*t**2 + 5*t - 8 - 2*t - 7 - 6. Let y(o) = -15*o**2 + 17*o - 43. Let u(w) = 13*q(w) - 6*y(w). Calculate u(10).
35
Suppose 0 = -3278*p + 3268*p + 100. Let a(b) = -2*b**2 + 23*b + 4. Calculate a(p).
34
Let w(t) = 11 + 41*t**2 + 3*t + 43*t**2 + 47*t**2 - 132*t**2 + 3*t. Determine w(6).
11
Let s(y) = -98628236 - 5*y + y**3 + 5*y**2 + 98628229 + 0*y. Suppose 5*g = 2*a - 24, 6*g + 33 = g - a. Determine s(g).
-13
Let t be (35/15 - 3)*1*6. Let v = t + 8. Let g(f) = 10 - 4*f + v*f + 5*f - 2*f. Calculate g(-7).
-11
Let v(z) = z**3 - 10*z**2 - 12*z + 8. Let n be v(11). Let o(r) = r**2 - 6*r + 5. Let l be o(6). Let w(b) = -l + 351*b - 349*b + 3. What is w(n)?
-8
Let f(a) = -a - 8. Suppose -11 = 4*o - 31. Suppose -26 = 4*q + o*d, 0 = -2*d + 2 + 2. Determine f(q).
1
Let d = -16 - -22. Suppose -62 = -8*k + 50. Let l(u) = d*u + u - 8 - u**2 + k - 15. Give l(7).
-9
Let s = -5 + 8. Let t(g) be the first derivative of -g**4/12 + g**3/3 - g**2 - 25*g - 50. Let k(f) be the first derivative of t(f). What is k(s)?
-5
Suppose 229*k - 222*k + 3808 = 0. Let t = k - -544. Let m(i) = i**3 + i**2 + i + 8. Determine m(t).
8
Let g be -5 - (-11)/1 - 217/42. Let c(d) be the second derivative of -g*d**3 + 16*d - 1/12*d**4 + 5/2*d**2 + 0. What is c(-6)?
-1
Let v(a) = 165*a + 993. Suppose 3*s = 5*t + 24, -29*t + 4*s = -22*t + 34. Calculate v(t).
3
Let c(p) = -2*p**2 - 41*p + 47. Let o be 868/(-372)*((-10)/(-15))/(2/27). Give c(o).
26
Let p = 21 + -32. Let t(w) = w - 2. Let d(o) = 4*o + 11. Let r(v) = -d(v) + 3*t(v). Let k(g) = g + 19. Let y(h) = -2*k(h) - 3*r(h). Determine y(p).
2
Let y(j) = -j**2 + 14*j - 19. Let a = -3080 - -3095. Determine y(a).
-34
Let w be 1 - 0 - (-2 - -3). Let p be 2/14*15 - (-1)/(-7). Let r(z) = -z + 33*z**2 + 4*z**2 + 3 + 3*z**2 - 41*z**p. Give r(w).
3
Let w(h) = -h**2 + 0*h + 2 + 2 + 5*h + h. Let x be ((-4)/(-80)*35)/((-1)/(-4)). Determine w(x).
-3
Suppose 41 = 43*p + 428. Let d(j) = -9*j + 9. Give d(p).
90
Let m(d) = -d**2 + 6*d + 32. Suppose -942*o + 1014*o = 792. What is m(o)?
-23
Let m(f) = -4*f**2 - 63*f + 310. Let p be m(4). Let o(r) = -6*r - 43. Give o(p).
-7
Suppose 2*r + 3*j = 30, -3*r + 0*r = 2*j - 40. Let l be (-16)/r*(-6)/8*2. Let t(w) = 4*w**3 + 13*w**2 + w - 12*w**l - 6*w**3 + 0*w**3. What is t(-1)?
2
Let i(t) = -5*t + 17. Suppose -3*z - 279*v - 11 = -284*v, -5*z - 5*v = 45. Give i(z).
52
Let h(s) = -7*s**3 - 10*s**2 + 7*s + 13. Let z(r) = 16*r**3 + 20*r**2 - 14*r - 27. Let n(v) = -9*h(v) - 4*z(v). What is n(10)?
-79
Let b(o) = -3*o + 9. Suppose -75 = 107*r - 108*r. Suppose 63 + r = 23*i. Give b(i).
-9
Let m = 116 + -112. Let y(t) = 30 - 14 - 12 + 4*t + m*t. Give y(-2).
-12
Let c be (5544/60)/((-111)/30 + 4). Let f = c + -301. Let s(h) = -h - 9. What is s(f)?
-16
Let s(r) = -r - 13. Let i(p) = 2*p + 26. Let k(u) = 6*i(u) + 11*s(u). Suppose -95 = 5*h + 10*f, 23*h + 41 = 19*h - f. Calculate k(h).
4
Let o(x) = -x + 5. Suppose -51*d - 11098 + 54499 = 0. Let a = -842 + d. Give o(a).
-4
Let h(w) be the second derivative of -w**5/20 - 4*w**4/3 + 3*w**3 + 13*w**2/2 + 4*w. Let p be h(-17). Let a(o) = -3*o - 3. Determine a(p).
9
Let x(w) be the third derivative of -w**4/24 - 29*w**3/6 - 61*w**2 + 2*w + 5. What is x(8)?
-37
Suppose -381*g + 633 + 979 = 469. Let u(x) = 5*x + 19. Determine u(g).
34
Suppose 0 = -116*y + 127*y + 22. Let g(w) = 13*w**3 + 2*w + 2. What is g(y)?
-106
Let y(w) = 2. Suppose 4*v - 3*n = 65, -n + 53 = 6*v - 2*v. Let l(z) = 6 - 15*z + v*z - 10. Let g(d) = -6*l(d) - 13*y(d). What is g(4)?
22
Suppose 1 = -4*u + 5. Let a be -3*1 - 4/(28/(-49)). Let p(f) = 3*f - 4. Let q(